 36
26
Evaluate -9 + (5 + 4 - 7) + -3.
-10
(8 - 9) + -3 + -4 + (1 - 0)
-7
What is the value of 27 + (-9 + 0 - -9) + -11?
16
Evaluate -17 + (10 + 2 + -7 - 12).
-24
What is the value of 9 + 6 + (3 - -2)?
20
Calculate 11 + -10 + (12 - (-7 + 8)).
12
Calculate -2 + -2 + -13 + 15 + 2.
0
What is 14 + -32 + 14 + -1 + 12?
7
What is 10 + (9 - (11 - (1 - -8 - 2)))?
15
What is the value of -1 - 7 - (-18 + -2 + -21 + 8)?
25
Calculate (11 - (-16 + 8)) + 1.
20
Evaluate -2 + 1 + -1 + (19 - 8).
9
(-9 + 4 - 13) + 33
15
What is -19 + 0 + (-5 - -4) + -7 + 4?
-23
21 - (0 + -14 - -6 - -5)
24
Calculate (1 + (3 - 9) - 14) + 3.
-16
Calculate -15 + -1 + 21 + -21.
-16
Calculate (198 - 199) + (1 - -1 - (3 + -4)).
2
-256 + 239 - (2 - 6)
-13
What is 13 + -15 - -5 - (1 + 1) - 6?
-5
What is the value of 0 + -22 - (143 - 151)?
-14
Evaluate -7 - (-4 + 17 + (-3 - 3)).
-14
Calculate 12 - (2 + 4 + (-2 - -16)).
-8
Evaluate 8 + 3 + (-42 - 37 - -37).
-31
Evaluate -7 - 7 - (-13 + 8 + -2).
-7
What is (5 - 0) + -4 - (-10 + 10 - 1)?
2
Evaluate (19 - 27) + 28 - 15.
5
Evaluate -13 - 0 - (68 - 89).
8
24 + (23 - -15) - 40
22
What is 17 - 4 - 7 - -5?
11
(-20 - (-6 - 7) - 8) + 11
-4
Evaluate -2 + (-15 - -7) + 9 + -3 + 21.
17
What is the value of -1 - 12 - (63 - 76)?
0
What is -4 - (-2 + 1) - (-10 + 19 + 5)?
-17
Calculate -8 + 1 + -6 + 5.
-8
What is 18 + -49 - (-70 + 74)?
-35
Calculate 15 + (0 - -4 - (3 + -2 - -4)).
14
What is -6 + 15 + (2 - -2) + -14?
-1
What is the value of 12 + 2 - (-30 + 60) - 11?
-27
What is the value of -4 + (5 + -7 - -14) + 3?
11
Calculate -1 + -1 + 1 + 2 + 0 + 10.
11
Evaluate (-1 - 1) + 2 - -28 - (-101 + 112).
17
Evaluate 9 - (16 + -4 - (-9 + 23)).
11
Calculate -49 + 31 + (-7 - (-11 + 14)).
-28
-7 + 7 + -2 + (-7 + 17 - 6)
2
What is -3 - (-3 - 2) - -7 - 10?
-1
10 - 1 - (7 - (2 - 0))
4
What is the value of 4 - (-7 + (5 - 2) - -16)?
-8
-3 + 5 - (-140 - -121)
21
What is 13 + (17 - (46 + 0))?
-16
What is the value of -10 + -4 - (6 - 18)?
-2
Calculate -9 + -4 - (13 - (14 - -8)).
-4
Evaluate (-9 - -5) + 7 - 1 - (-2 - -1).
3
-36 - (-30 + -40 + 20)
14
Evaluate (9 - -12 - 25) + (28 + 0 - 1).
23
Calculate (-11 - -1) + (-7 - -6 - -5) - 4.
-10
Evaluate -2 + -4 + 2 + 3 - (0 + -2).
1
What is the value of 1 - (14 + (-5 - -7) + -7)?
-8
What is the value of -35 - (-15 - (6 + -2))?
-16
Calculate 29 + -73 + 16 - -51.
23
What is 9 + 2 - 0 - 17?
-6
Calculate 4 - (7 + -7 + -12 - 4).
20
Evaluate (5 - -2) + (17 - -1) + -28 + 21.
18
What is the value of 37 + (8 + 8 - 23)?
30
Evaluate -2 + 4 + -2 + (21 - 10).
11
(1 - (-5 + -5 - 6)) + -1
16
Calculate 0 + 2 + (4 - ((21 - 9) + -5)).
-1
What is the value of -11 + (9 + 5 + -20 - 2)?
-19
What is -19 - (4 + -17 - -3 - 43)?
34
What is the value of (9 - -17 - 50) + 13?
-11
What is 38 + -2 + -34 + 6?
8
What is 0 + -6 + -16 + (56 - 33)?
1
Calculate -3 + 2 - (-11 + -7 + (12 - 2)).
7
36 - (-7 + -29 + 83)
-11
Calculate -39 - (-35 + (40 - 49)).
5
Evaluate -9 + -9 + (5 - (-3 + 3)).
-13
Calculate -24 + (25 - (30 + -12)).
-17
Evaluate 2 - (-16 + 1 - (0 + -3 + -1)).
13
33 + (-32 - -19) - 29
-9
Evaluate 10 - (18 - (6 - -8)).
6
(12 - 11) + (0 - ((6 - 3) + -2))
0
What is 13 + 1 + (-121 - -113)?
6
What is 6 - (17 + 13 + -41)?
17
What is -13 + -11 + 14 - -19?
9
Evaluate 13 - (33 + (-40 - -2)).
18
Calculate -2 + 1 - (2 - (-7 - -6)) - -15.
11
What is the value of -12 + 16 + -15 + 4?
-7
What is 10 + (9 - (11 + 0))?
8
11 - (9 - (10 - (-2 + (4 - -1))))
9
Evaluate -16 - -24 - (2 + 10).
-4
Evaluate (0 - 9) + -2 + -411 + 400 + -8.
-30
(10 - 8) + 4 + -12 + -1
-7
What is the value of -35 + 14 + -18 + 9 + 13?
-17
What is the value of -2 + -3 - (115 - 100 - (0 - 2))?
-22
Evaluate -1 - (1 + (-8 - -6)) - (5 + -8).
3
Calculate -9 - (16 - (-26 - -46) - (18 - 0)).
13
What is the value of 4 + -16 + (-42 - -26)?
-28
Evaluate (13 - (13 - 9)) + -10 - -9.
8
Evaluate 2 + (28 - (27 - -10)).
-7
What is 0 + 11 + -9 + -1 + -8?
-7
Calculate 32 + 0 - (6 - -12).
14
What is 1 + -2 + (237 - 236)?
0
Evaluate 8 + 4 - (-3 + 20).
-5
Calculate -17 + 21 + -33 + 11.
-18
What is 28 + -24 + (0 - 1)?
3
Evaluate (7 - (13 - -5)) + 0.
-11
What is the value of 4 + (-25 - -32 - (-3 + 1))?
13
Calculate (-32 - -89 - 30) + -47.
-20
Evaluate -23 - (-10 + -23 + 6).
4
What is the value of (1 - -4 - 10) + 2 + 13?
10
-2 + 28 + 9 + -6 + 32 + -45
16
What is -9 - (-5 - -15 - (18 + -10))?
-11
Calculate 3 + 21 + -17 + 10.
17
What is 3 - 3 - (5 + -4 + -5 + -5)?
9
-282 + 280 + (2 + -1 + -3 - -21)
17
What is -5 + -11 + 6 - -4?
-6
(-6 - 7) + 7 + 9 + (0 - -2)
5
Calculate -32 + 50 - 28 - -32.
22
What is the value of -2 + -1 + 1 + 8 + 15 + -16?
5
What is -5 - 17 - (6 + -43)?
15
Calculate (7 + -23 - -21) + 9 + -1.
13
What is 4 + (6 - 14) + -5 + 9 + -9?
-9
What is the value of 34 + 17 + (-11 - 28)?
12
Evaluate -1 - ((-143 - -128) + (9 - 1)).
6
What is the value of -9 + 0 + (-99 - -101)?
-7
Evaluate (15 + -14 - 7) + 3.
-3
What is 11 + 32 + -20 - -6?
29
What is the value of -51 + 60 + (1 + (2 - -4) - 0)?
16
Evaluate 1 + -2 + 0 + 0 + 7 - -2.
8
What is 0 - (-3 + 1) - (4 + 16) - -1?
-17
1 + -2 + 0 + 3 - (29 + -19)
-8
Evaluate 19 - (44 - (-21 - -21)).
-25
Calculate (124 - 119) + 2 + 0.
7
What is the value of -22 - (19 + -18) - -29?
6
What is the value of (0 - 9) + 11 + 11 + -3?
10
Evaluate -3 - 1 - -14 - (-137 + 160).
-13
What is -41 - (34 + (11 - 52))?
-34
Calculate 27 - (-23 - -51 - 18).
17
1 - (3 - 26) - ((4 - 12) + 5)
27
What is (2 - (3 + 0)) + (15 - -1 - -1)?
16
What is 28 + (30 - 25) + -51?
-18
Evaluate 0 + (625 + -606 - (5 - 1)).
15
What is 4 + (-11 - -7) + 11 - 27?
-16
9 - ((-6 - -2) + (2 - -6) + -3)
8
What is the value of 37 + 7 - 32 - 39?
-27
Evaluate -7 - (-4 - -3) - (-12 + -6 + 8).
4
Evaluate 9 - (-7 - -7) - 19.
-10
Calculate 3 - (21 + -2) - (-173 + 169).
-12
Calculate 1 - (-5 + 1) - (-22 + (-41 - -54)).
14
Evaluate 15 - (8 + -11 + 12) - 21.
-15
Evaluate -2933 - -2936 - (-10 - (-1 + -1 - 0)).
11
Evaluate -3 - -3 - (144 + -115).
-29
What is the value of 1 - (-4 + 8 - (0 + -2) - 32)?
27
Evaluate -10 + 12 + 18 + -26 - (5 + 1).
-12
Evaluate (-4 - 0) + (27 - 5) + -22.
-4
What is 2 + (-7 - (-11 - 2))?
8
Evaluate -2 + (-28 - -13) - (-19 - -4).
-2
What is the value of (3 - 24) + 30 + -28?
-19
Evaluate 7 + -13 - (-6 - (-1 - 4) - 1).
-4
4 + -2 + -2 + (19 - 37)
-18
30 - 41 - (-10 + 3)
-4
-1 + 4 + (-71 - -75)
7
Evaluate 1 + -12 + -3 - -4 - (12 - -5).
-27
Calculate -3 + (0 - 5 - -2) + 5.
-1
Evaluate -322 + 329 + (-1 - (2 - 9)) + 0.
13
Calculate -10 - (20 + (-14 - -6)).
-22
Evaluate -16 + (-1 - -5) + 8 - (-1 + 13).
-16
What is the value of 0 + -18 + -1 - (4187 - 4176)?
-30
Evaluate 6 - (-7 + (-10 - -22)) - 2 - -18.
17
Calculate -13 - (-22 + 23) - -5.
-9
What is the value of 9 - (1 - (9 + -12))?
5
Calculate 3 + (4 - (-3 + 1) - 7) + 2.
4
What is 0 + -13 + 36 + -15?
8
Calculate 12 + -9 - (1 - -3) - (-2 + -1).
2
What is -37 - (-2 - -4 - (-96 + 109))?
-26
What is the value of -4 + (8 - (11 - -1 - -27 - -4))?
-39
What is 2 + -2 + -4 + 15 + -3 + -3?
5
What is the value of (-16 - -16) + 2 + -3 + 4 + -14?
-11
What is (22 - 1) + -42 - -7?
-14
Evaluate 2 + -11 + (14 - 11) + 16 + -3.
7
What is the value of 3 + -3 - (4 - (-5 - -8))?
-1
Evaluate -36 - -7 - (-35 + -20).
26
3 + 0 - (6 - (12 + -2))
7
Evaluate (5 - ((-4 - -4) + 1) - 3) + 2.
3
(2 - 15) + 2 - (-2 - 1)
-8
Calculate (-68 - -27) + 54 + -22.
-9
What is 2 - (-10 - (-10 + 0))?
2
What is (11 - 3 - 8) + 0?
0
Calculate 1 + (12 - -5) + -1 + -11.
6
What is the value of -11 + -1 + (15 - (-7 - -16)) + 0?
-6
What is -1 + (3 - 9) + 14?
7
10 + (-8 - 4) + 20 + -16
2
Calculate -1 + 6 - (20 + -3 - 22).
10
What is -3 + -6 + 19 + -29 + 7?
-12
Calculate 2 + 8 - (12 + (-1 - -13)).
-14
What is the value of 5 - (0 - 0 - -5) - 6 - 7?
-13
-3 + 0 - (-1 + -9 + 20)
-13
Evaluate 18 + -22 + (9 - 15).
-10
-37 - -30 - -14 - (32 - -1)
-26
3 + -7 + (6 - 8)
-6
Evaluate -7 + -1 + 4 + -37 + 37 + -11.
-15
Evaluate -10 - (23 + -15 + -44 - -18).
8
Calculate (1 - 0 - (-12 - (-16 - -7))) + 20.
24
Calculate 0 - (-18 - (-13 + 9)).
14
What is the value of -27 - ((-2 + 6 - -2) + -409 + 400)?
-24
What is the value of 7 + (-44 + 26 - -11)?
0
What is (7 + 9 - 33) + 1?
-16
What is the value of -15 + 13 + (0 - 3)?
-5
-36 + -1 + 0 + (-15 - -21) - 3
-34
What is the value of -15 + -8 + 17 + 18?
12
Evaluate (17 - 6) + (13 - 1) - 5.
18
(13 - (-8 + -